3
Let p be (5 - (-26)/(-6))*(-42)/4. Let n(a) = -3*a - 17. Let b be n(p). Let m(r) = 2 - 2*r - r + r**2 - 5. Give m(b).
1
Let c(o) = -3*o + 38 - 41 + 3*o**2 + o**3 - o. Let i be c(-4). Let h(x) = 3*x + 4. What is h(i)?
-5
Let f(l) = 4*l + 99. Let i be 92*(-33)/126 - 58/(-609). What is f(i)?
3
Let w(d) be the second derivative of d**5/60 + d**4/6 - 2*d**3/3 + 6*d**2 - 12*d. Let h(v) be the first derivative of w(v). Determine h(-4).
-4
Let q(p) be the first derivative of -p**5/120 - 7*p**4/24 + 4*p**3/3 - 9. Let k(a) be the third derivative of q(a). Suppose 0 = 4*u + 15 + 5. Determine k(u).
-2
Let t(h) = h**3 + 5*h**2 - 7*h - 2. Let d be t(-6). Let b(w) = -17*w**2 - 5*w + 5*w**3 - d*w**3 - 6 + 27*w**2 - 14*w**2. Determine b(5).
-6
Let l(q) = q**2 - 14*q - 14. Let m be (152/40 - 5)*25/(-2). What is l(m)?
1
Suppose 0*j - 3*j = 0. Suppose -t = -m + 8, 0 + 4 = m + t. Suppose j*k + m = 3*f + k, 2*k = 0. Let i(n) = -7*n + 3. Calculate i(f).
-11
Let u(w) = -w**2 + 22*w + 25. Suppose 20*i - 22*i - 4*b = -46, 5*i - b - 115 = 0. What is u(i)?
2
Suppose 3*b = -4*q + 52, 3*q + 14 = 2*b + 2. Suppose 13 = 3*f - 5*t, t = -2*f + 5*t + b. Let m(z) = 0 - 1 - z**3 - 3*z**2 + 3*z + 3. Determine m(f).
6
Let w(a) be the first derivative of 7*a**3 - a + 8. What is w(1)?
20
Let b(d) = 3*d**2 + d. Let f(r) = -5*r**2 + 5 + 2*r**2 + 4*r**2 + 0*r**2 - 6*r. Let x be f(6). Suppose x*n = 2*n - 3. Determine b(n).
2
Let m(h) = -h**2 - 7*h - 5. Let v be 2/(-8) + 3/(-4). Let t = -18 - v. Let f = t + 12. Calculate m(f).
5
Let w(j) = 26 - 1618*j + 1621*j - 11. Give w(-5).
0
Let o(g) = g + 3. Let k(n) = -4*n + 23. Let b(m) = -m**2 - 6*m - 1. Let j be b(-4). Let d be k(j). What is o(d)?
-2
Let k(m) = -20*m**3 - 11*m**2 + 10*m - 4. Let a(h) = -3*h**3 - h**2 + 2*h. Let q(f) = 7*a(f) - k(f). What is q(4)?
20
Let b(r) be the third derivative of 0*r + 0 - 4/3*r**3 - 1/24*r**4 + 9*r**2 - 1/120*r**5. Let n(j) be the first derivative of b(j). Give n(-8).
7
Let s(h) = 0*h**3 + 4 - 7*h + 0*h**2 + 5*h**2 - h**3 + 0*h**2. Suppose -4*x = -2*x - 34. Suppose -3*v - 5 = -x. What is s(v)?
-8
Let t(y) be the third derivative of y**6/60 - y**5/60 - 7*y**4/24 + 7*y**3/6 - 2*y**2 - 89. Calculate t(2).
5
Let s(n) be the first derivative of 0*n + 14 - 1/3*n**3 - 5/2*n**2. Calculate s(-3).
6
Let z = -30 - -28. Let u be z/(-3)*1*30. Suppose n + u = -4*n. Let v(m) = -m**2 - 4*m + 4. Give v(n).
4
Let j be 5/1*21/35. Let y be (-2)/((6/4)/j). Let p(l) = 0 + l**2 - 5 + 5*l - 5 + 12. What is p(y)?
-2
Let s(p) = p**2 + p + 11. Let b(m) = 2*m**2 + m + 12. Let n(a) = -2*b(a) + 3*s(a). Suppose 0 = -6*l - 3*r, -l - 4*r = 2*l. What is n(l)?
9
Let j(a) = a**3 - 6*a**2 + 5*a + 4. Let k(b) = b**3 - 9*b**2 - 9*b - 8. Let d be k(10). Suppose -4*h - 4 = -4*o + 36, 5*o - 15 = -d*h. Give j(o).
4
Let m(r) = -6*r**3 + 2*r**2 - r. Suppose -4*g - 3*g + 42 = 0. Suppose g*s - 4 = 2*s. Give m(s).
-5
Let w(l) = -2*l**2 + 5*l + 8. Let a(i) = -6*i**2 + 15*i + 23. Let z(d) = 4*a(d) - 11*w(d). Determine z(4).
-8
Let t(j) be the second derivative of -j**5/20 - j**4/4 + j**3/2 - 3*j + 14. Calculate t(-4).
4
Let a(y) = 2*y + 9. Suppose 5*t - 53 = 10*k - 6*k, t = 5*k + 40. Calculate a(k).
-5
Let d(s) = -14*s - 5. Let q(u) = -184*u - 68. Let p(l) = -40*d(l) + 3*q(l). Calculate p(2).
12
Let w(j) = -4*j - 13. Suppose 2*u - 14*u - 72 = 0. Calculate w(u).
11
Let l(d) = d**2 - 12*d - 9. Let a be l(6). Let h = -51 - a. Let o(x) = -7 + 5*x + 7*x**2 - 4*x**2 + 4*x**2 + x**3 + 0. Determine o(h).
-1
Let t be 122/14 + 100/350. Let x(f) = -f**2 + 9*f - 13. What is x(t)?
-13
Let a(n) = 2*n**3 + 9*n**2 + 4*n - 3. Suppose -34*b + 42*b + 32 = 0. What is a(b)?
-3
Let z(c) = -2*c**3 + c**2 - 2. Suppose 0 = -4*d + 5*y - y + 8, -5*y = 4*d + 28. Determine z(d).
18
Let w(c) = -c**2 + 6*c - 2. Suppose -4*n = n + 75. Let l = 17 + n. Suppose 0 = 5*y, -y + 9 = l*f + 1. What is w(f)?
6
Suppose -39*t - 138 - 57 = 0. Let a(z) = z**3 + 6*z**2 - 2*z + 2. Give a(t).
37
Let w = -702 + 706. Let u(z) be the first derivative of 1/2*z**2 + 1/3*z**3 - 9*z + w. Calculate u(0).
-9
Suppose -3*j + 3 = -9. Let p = 5 + j. Let z(n) = 5*n - p*n - 3 + 5. Determine z(4).
-14
Suppose 2*w = 2*r - 4 - 4, -12 = 4*w. Let p(v) = v - 2. Let n(l) = -5. Let x(g) = r*p(g) - n(g). What is x(0)?
3
Let z(c) = -c**3 - c**2. Let x be 42/28*(35/3 - -1). Suppose 7*s = 5 - x. Give z(s).
4
Let g(a) be the second derivative of a**3/6 + 8*a**2 - 231*a. Give g(-8).
8
Let z be -2 + 9 + (-3)/((-720)/(-1668)). Let n(h) be the second derivative of -1/3*h**4 + 0 + 0*h**2 + 0*h**3 + z*h**5 + 7*h. Give n(4).
0
Let q(k) = k**2 - 1. Let x(i) = 5*i**2 - i. Let w(o) = -2*q(o) + x(o). Determine w(-3).
32
Let k(w) be the second derivative of 9*w + 1/3*w**3 - 3/2*w**2 + 0. Calculate k(2).
1
Let d(s) = -s**3 - 18*s**2 + s + 20. Let m be d(-18). Suppose -3*y + 6 = -5*y - m*a, -5*y - 8 = -2*a. Let t(c) = -7*c - 2. What is t(y)?
12
Let z be (-6)/((-1 - 1) + 0). Let w(a) = 31*a**2 + 3 + a - 3*a - 61*a**2 + 31*a**2. Give w(z).
6
Let h(j) = 3*j + 33. Let o(a) = a + 11. Let r = -16 - -33. Let x(d) = r*o(d) - 6*h(d). Determine x(-5).
-6
Let m = -58 + 61. Let z(b) = 0*b**2 - m*b - 4*b**3 + 3*b**3 + 5*b + 10*b**2 - 14. What is z(10)?
6
Let l(h) = -h**3 - 10*h**2 + 5*h + 4. Let w(b) = b**3 + 2*b - 1. Let k(p) = l(p) + 2*w(p). Suppose 2*c - 2*x = 2*x + 22, c - 3*x = 12. Calculate k(c).
2
Suppose 16*q - 1140 = -41*q. Let r(k) = -k + 17. What is r(q)?
-3
Let q be 4/(-12)*-6 - (0 + -4). Let r be 3*1/(-3)*q. Let g(n) = -n**3 - 4*n**2 + 8*n - 5. Calculate g(r).
19
Let u(j) = -j - 1. Let y(x) = -5*x - 2. Let p(r) = -3*u(r) + y(r). Suppose 5*l - 7*i + 4*i + 6 = 0, 4*l = -4*i + 40. Give p(l).
-5
Let k(q) = 4*q**2 - 13*q + 4. Suppose 242 = 111*d - 202. Determine k(d).
16
Let p(d) = -11*d + 2*d**2 - 3 + 11 + d**2 - 2*d**2. Calculate p(10).
-2
Let i(a) = -a**2 + a. Let d(b) = 6*b + 1. Let u(m) = d(m) + i(m). Suppose y - 9 - 15 = 0. Suppose 3*t = y - 6. Determine u(t).
7
Let v(d) = d**3 + 11*d**2 + 9*d - 14. Let u(o) = -o**3 - 7*o**2 - 9*o - 5. Let z be u(-5). Determine v(z).
-4
Let z(v) = -v - 4. Let h be z(-4). Let k(c) = -c**2 + 11*c - 26. Let r be k(4). Let w be 1*(r + h) - 4. Let o(m) = -2*m**2 - 3*m. Determine o(w).
-2
Let j(d) be the third derivative of d**5/20 + d**3/6 - 34*d**2. Let b be ((-6)/4)/((-21)/70). Suppose 8*z - b = 3*z. Determine j(z).
4
Let l(x) = x**3 + 5*x**2 - 7*x - 1. Let a be l(-6). Let q(o) = -10*o - 12. Let h(c) = c + 1. Let w(m) = 22*h(m) + 2*q(m). Calculate w(a).
8
Let p(y) = y**2 + 2*y + 4. Let n be (2/5)/(((-16)/(-40))/(-2)). Let z be p(n). Let f(c) = -c - 3. What is f(z)?
-7
Let c(u) be the first derivative of u**4/4 + 2*u**3 + u**2/2 + 7*u - 1. Give c(-6).
1
Let u be ((-4)/(-18))/((-62)/558). Let i(w) = -5*w + 2. Calculate i(u).
12
Let x(h) = h**3 - 17*h**2 + 29*h + 14. Let r be x(15). Let w(j) = -31*j**3 - j**2 - 2*j - 1. Calculate w(r).
31
Let o(v) = -20*v**2 + 38*v**3 + 31*v**2 + 9 - 39*v**3 - 10*v. Calculate o(10).
9
Let k(j) = -2*j**2 + 3*j - 4. Let v(s) = -s**3 - 3*s**2 + 3*s. Suppose 5*t + 5*u - 2 = -12, -4*t + 2*u = 20. Let z be v(t). Determine k(z).
-24
Let g(i) = 6*i**2 - 23*i + 6. Let c(o) = -5*o**2 + 21*o - 5. Let t(m) = 5*c(m) + 4*g(m). Give t(13).
-1
Let s(f) = -5*f**2 + 2*f - 2. Suppose 4*r = -0*r + 20. Let n(o) = -6*o**2 + 3*o - 3. Let v(l) = r*s(l) - 4*n(l). Calculate v(3).
-13
Suppose 0 = -2*x + 3*x - 5. Suppose 4*q + l = -0*l + 23, -29 = -4*q + x*l. Let z(t) = q - 26*t - 1 + 31*t - t**2. Give z(5).
5
Let w(x) be the second derivative of x**3/6 + 8*x**2 + 4*x. Let c be w(-8). Suppose 0*b = 3*q + 3*b - 12, 0 = -2*q + b + c. Let z(y) = -3*y + 3. Calculate z(q).
-9
Let v be 6/(-4)*(4 - 26/6). Let x(j) be the first derivative of -1/3*j**3 - v*j**2 + 1 + 0*j. Give x(-3).
-6
Let s(z) = -3 - 100*z + 3 + 99*z. Let j(y) = -y**3 - 6*y**2 - 11*y - 6. Let q be j(-4). Determine s(q).
-6
Let w(l) = 5*l**2 + 4*l - 2. Let t(k) = 4*k**2 + 4*k - 1. Let x(a) = -6*t(a) + 5*w(a). Calculate x(6).
8
Let k(l) = -2*l + 8. Let o be 77/15 - 8*(-3)/(-180). Determine k(o).
-2
Let x(f) = -f**2 - 2*f - 8. Let t(a) = -4*a**2 - 6*a - 4. Let v(i) = -5*i**2 - 7*i - 5. Let c(o) = 6*t(o) - 5*v(o). Let h(l) = -2*c(l) - x(l). Determine h(6).
-6
Let k(c) = -2*c + 2 + 16 + 9*c - 3 + 5*c - c**2. Calculate k(12).
15
Let d(g) = g. Let l b